8?
-15
-1 (base 10) to base 14
-1
Convert 2 (base 3) to base 9.
2
What is -3 (base 12) in base 11?
-3
What is -102 (base 6) in base 12?
-32
What is -10010 (base 2) in base 9?
-20
What is -2 (base 12) in base 16?
-2
Convert -30 (base 10) to base 11.
-28
What is 6 (base 12) in base 16?
6
-7 (base 14) to base 2
-111
What is -46 (base 7) in base 3?
-1021
Convert 21 (base 6) to base 12.
11
Convert -333 (base 7) to base 12.
-123
What is 0 (base 6) in base 10?
0
0 (base 4) to base 11
0
-34 (base 5) to base 12
-17
Convert 10 (base 2) to base 11.
2
What is -3b (base 12) in base 4?
-233
1 (base 2) to base 6
1
Convert 12 (base 10) to base 9.
13
What is d9 (base 14) in base 16?
bf
Convert -1001 (base 2) to base 5.
-14
Convert -6 (base 15) to base 14.
-6
1110 (base 2) to base 10
14
Convert -100100 (base 2) to base 7.
-51
Convert -111 (base 3) to base 15.
-d
Convert 56 (base 8) to base 12.
3a
Convert -3 (base 16) to base 2.
-11
-28 (base 15) to base 6
-102
What is -6 (base 15) in base 4?
-12
What is 0 (base 3) in base 14?
0
What is -55 (base 6) in base 10?
-35
What is 33 (base 14) in base 5?
140
Convert 12 (base 5) to base 9.
7
-33 (base 5) to base 2
-10010
Convert -4 (base 7) to base 4.
-10
-110 (base 4) to base 2
-10100
1b (base 13) to base 10
24
Convert ba (base 12) to base 15.
97
-1 (base 6) to base 15
-1
4 (base 11) to base 10
4
-233 (base 6) to base 10
-93
What is -71 (base 13) in base 15?
-62
-20 (base 8) to base 16
-10
What is 312 (base 4) in base 10?
54
101 (base 4) to base 14
13
What is 220 (base 3) in base 16?
18
Convert 1001 (base 3) to base 10.
28
-32 (base 9) to base 11
-27
-4 (base 11) to base 7
-4
4 (base 5) to base 10
4
10a (base 12) to base 7
310
-3 (base 7) to base 5
-3
-12 (base 6) to base 5
-13
-12 (base 6) to base 5
-13
274 (base 8) to base 12
138
8 (base 15) to base 6
12
Convert 12 (base 5) to base 10.
7
Convert 42 (base 7) to base 6.
50
What is -9 (base 10) in base 9?
-10
-146 (base 8) to base 2
-1100110
What is -9a (base 14) in base 9?
-161
-44 (base 6) to base 4
-130
What is 152 (base 10) in base 11?
129
5 (base 6) to base 5
10
-31 (base 10) to base 12
-27
What is -88 (base 14) in base 9?
-143
What is 2 (base 16) in base 13?
2
Convert -10101111 (base 2) to base 5.
-1200
What is -110 (base 4) in base 10?
-20
-7 (base 13) to base 3
-21
What is -c9 (base 13) in base 11?
-140
Convert 122 (base 3) to base 13.
14
What is 15 (base 14) in base 13?
16
Convert 21 (base 7) to base 5.
30
Convert -9 (base 13) to base 5.
-14
Convert -21 (base 3) to base 13.
-7
216 (base 12) to base 8
462
Convert -5 (base 6) to base 15.
-5
What is 1d (base 14) in base 7?
36
What is -11100 (base 2) in base 16?
-1c
What is 57 (base 14) in base 2?
1001101
What is -47 (base 11) in base 8?
-63
-75 (base 11) to base 8
-122
What is 22 (base 10) in base 8?
26
-27 (base 9) to base 8
-31
Convert 56 (base 7) to base 3.
1112
What is 1110 (base 3) in base 7?
54
What is -14 (base 7) in base 13?
-b
What is -331 (base 10) in base 6?
-1311
Convert 11 (base 6) to base 11.
7
Convert -33 (base 4) to base 3.
-120
What is 10 (base 3) in base 8?
3
Convert -2 (base 9) to base 12.
-2
What is 27 (base 13) in base 9?
36
What is 1 (base 4) in base 16?
1
120 (base 8) to base 7
143
Convert -18 (base 12) to base 16.
-14
Convert 2 (base 10) to base 12.
2
Convert -11 (base 7) to base 6.
-12
What is 6 (base 10) in base 16?
6
-a1 (base 14) to base 8
-215
1110 (base 2) to base 8
16
What is 42 (base 12) in base 9?
55
What is -301 (base 8) in base 5?
-1233
7 (base 8) to base 7
10
Convert -2 (base 7) to base 11.
-2
10111 (base 2) to base 12
1b
-14 (base 11) to base 5
-30
-69 (base 16) to base 12
-89
Convert 92 (base 13) to base 4.
1313
4 (base 14) to base 8
4
Convert 1 (base 9) to base 12.
1
Convert 14 (base 14) to base 16.
12
Convert -1 (base 10) to base 9.
-1
-1b9 (base 12) to base 11
-23a
-62 (base 15) to base 3
-10102
What is 506 (base 8) in base 4?
11012
What is -12 (base 12) in base 16?
-e
-9 (base 15) to base 8
-11
What is 3 (base 10) in base 4?
3
221 (base 3) to base 14
1b
6 (base 7) to base 16
6
Convert 4 (base 12) to base 7.
4
-11 (base 9) to base 13
-a
Convert 120 (base 3) to base 2.
1111
-10 (base 14) to base 7
-20
-402 (base 5) to base 7
-204
2 (base 3) to base 8
2
Convert 1 (base 5) to base 7.
1
What is -264 (base 10) in base 2?
-100001000
Convert -10 (base 7) to base 11.
-7
What is -9 (base 14) in base 6?
-13
What is 4 (base 14) in base 11?
4
What is 5d (base 15) in base 13?
6a
-88 (base 10) to base 12
-74
What is 111 (base 2) in base 13?
7
11 (base 2) to base 9
3
What is 244 (base 11) in base 8?
442
What is -1 (base 15) in base 6?
-1
What is -20 (base 6) in base 14?
-c
4 (base 7) to base 15
4
-1110 (base 2) to base 13
-11
-1101000 (base 2) to base 11
-95
Convert 3 (base 14) to base 9.
3
What is -14 (base 5) in base 15?
-9
1110 (base 2) to base 8
16
Convert 73 (base 11) to base 14.
5a
-6 (base 11) to base 16
-6
-313 (base 6) to base 7
-225
Convert 1 (base 16) to base 7.
1
Convert -22 (base 7) to base 3.
-121
28 (base 11) to base 15
20
16b (base 14) to base 11
245
What is 0 (base 2) in base 7?
0
Convert 44 (base 6) to base 2.
11100
-10 (base 10) to base 16
-a
Convert 11 (base 5) to base 16.
6
-3 (base 4) to base 11
-3
-204 (base 5) to base 14
-3c
14 (base 5) to base 11
9
Convert 10101 (base 2) to base 8.
25
What is -2 (base 8) in base 10?
-2
What is 3 (base 16) in base 4?
3
-142 (base 6) to base 10
-62
What is 123 (base 4) in base 12?
23
Convert 18 (base 13) to base 3.
210
What is 3 (base 11) in base 14?
3
What is 10 (base 2) in base 11?
2
Convert -5 (base 16) to base 7.
-5
Convert 11002 (base 3) to base 16.
6e
Convert 82 (base 12) to base 3.
10122
-2 (base 11) to base 15
-2
Convert 5a (base 12) to base 8.
106
-303 (base 5) to base 8
-116
What is 2 (base 15) in base 10?
2
What is 21 (base 7) in base 13?
12
What is -336 (base 9) in base 8?
-424
What is b7 (base 12) in base 15?
94
What is -34 (base 13) in base 12?
-37
106 (base 8) to base 16
46
Convert 2 (base 11) to base 14.
2
15 (base 7) to base 3
110
11 (base 2) to base 8
3
Convert 4 (base 14) to base 10.
4
2002 (base 4) to base 11
109
Convert 3 (base 10) to base 12.
3
What is -1 (base 11) in base 7?
-1
321 (base 4) to base 6
133
Convert 210 (base 4) to base 5.
121
15 (base 8) to base 6
21
What is -11b (base 12) in base 16?
-a7
Convert 20 (base 9) to base 7.
24
What is -5 (base 8) in base 15?
-5
-1b (base 12) to base 15
-18
Convert -2 (base 16) to base 8.
-2
Convert 1 (base 15) to base 7.
1
What is 33 (base 5) in base 3?
200
Convert -18 (base 11) to base 6.
-31
Convert -101 (base 2) to base 14.
-5
Convert -5 (base 8) to base 11.
-5
What is 31 (base 5) in base 7?
22
1111 (base 2) to base 7
21
-24 (base 7) to base 11
-17
Convert 3 (base 13) to base 7.
3
Convert 21 (base 12) to base 11.
23
1 (base 10) to base 3
1
What is 111 (base 6) in base 16?
2b
Convert -11 (base 9) to base 10.
-10
Convert -14 (base 13) to base 6.
-25
What is 2 (base 14) in base 12?
2
-1 (base 9) to base 2
-1
13 (base 8) to base 14
b
Convert a (base 14) to base 15.
a
What is 184 (base 10) in base 12?
134
-31 (base 14) to base 15
-2d
-11 (base 3) to base 10
-4
What is 1 (base 9) in base 8?
1
1010 (base 4) to base 12
58
Convert -37 (base 14) to base 2.
-110001
What is 1 (base 14) in base 15?
1
What is -1 (base 11) in base 12?
-1
What is -d2 (base 16) in base 8?
-322
Convert 0 (base 16) to base 9.
0
Convert -201 (base 3) to base 9.
-21
Convert 3 (base 9) to base 8.
3
What is 1 (base 9) in base 16?
1
27 (base 10) to base 12
23
What is 3 (base 6) in base 2?
11
What is -6 (base 15) in base 16?
-6
What is -31 (base 9) in base 10?
-28
Convert -85 (base 9) to base 6.
-205
Convert -1 (base 10) to base 14.
-1
-1 (base 12) to base 7
-1
Convert -1c (base 16) to base 10.
-28
Convert 8 (base 9) to base 8.
10
141 (base 5) to base 12
3a
What is -23 (base 8) in base 4?
-103
Convert a (base 15) to base 16.
a
2330 (base 4) to base 14
d6
Convert 1 (base 3) to base 11.
1
What is -1032 (base 4) in base 9?
-86
Convert 1011000 (base 2) to base 4.
1120
Convert 26 (base 7) to base 10.
20
-135 (base 9) to base 12
-95
What is -4 (base 7) in base 4?
-10
Convert -27 (base 8) to base 4.
-113
What is 1 (base 5) in base 15?
1
7 (base 9) to base 7
10
What is 11 (base 13) in base 16?
e
What is -1 (ba